factors of 2086573.
2086573
What are the prime factors of 356309?
587, 607
What are the prime factors of 479335?
5, 37, 2591
What are the prime factors of 94430?
2, 5, 7, 19, 71
What are the prime factors of 1934272?
2, 30223
List the prime factors of 284474.
2, 142237
List the prime factors of 71791.
17, 41, 103
List the prime factors of 5220048.
2, 3, 108751
What are the prime factors of 1264557?
3, 7, 60217
List the prime factors of 692746.
2, 346373
What are the prime factors of 16104599?
7, 29, 79333
List the prime factors of 96881.
19, 5099
List the prime factors of 320978.
2, 7, 101, 227
What are the prime factors of 88209?
3, 11
List the prime factors of 18690568.
2, 13, 179717
What are the prime factors of 577697?
199, 2903
List the prime factors of 559819.
13, 43063
What are the prime factors of 659897?
7, 31, 3041
List the prime factors of 2426327.
79, 30713
What are the prime factors of 15371279?
7, 11, 89, 2243
List the prime factors of 664612.
2, 13, 12781
List the prime factors of 291102.
2, 3, 7, 29, 239
What are the prime factors of 42580?
2, 5, 2129
List the prime factors of 313690.
2, 5, 13, 19, 127
What are the prime factors of 86973?
3, 53, 547
What are the prime factors of 130352?
2, 8147
What are the prime factors of 30129290?
2, 5, 73, 149, 277
What are the prime factors of 6932239?
41, 169079
List the prime factors of 44994.
2, 3, 7499
List the prime factors of 1818535.
5, 401, 907
List the prime factors of 28685955.
3, 5, 733, 2609
What are the prime factors of 7657892?
2, 11, 269, 647
List the prime factors of 25716.
2, 3, 2143
List the prime factors of 131457.
3, 29, 1511
What are the prime factors of 63889?
7, 9127
What are the prime factors of 343581?
3, 7, 16361
What are the prime factors of 159756?
2, 3, 13313
List the prime factors of 7718459.
7, 17, 37, 1753
List the prime factors of 5001513.
3, 11, 151561
List the prime factors of 151140.
2, 3, 5, 11, 229
List the prime factors of 242918.
2, 13, 9343
List the prime factors of 16296363.
3, 603569
List the prime factors of 180808.
2, 97, 233
What are the prime factors of 244692?
2, 3, 7, 971
What are the prime factors of 106436?
2, 11, 41, 59
What are the prime factors of 89375?
5, 11, 13
List the prime factors of 67993.
67993
What are the prime factors of 6641182?
2, 3320591
List the prime factors of 4860105.
3, 5, 19, 17053
List the prime factors of 4080440.
2, 5, 7, 13, 19, 59
List the prime factors of 383704.
2, 47963
What are the prime factors of 130231?
31, 4201
List the prime factors of 2069485.
5, 11, 191, 197
What are the prime factors of 626242?
2, 521, 601
What are the prime factors of 5853621?
3, 29, 61, 1103
List the prime factors of 12367506.
2, 3, 61, 33791
List the prime factors of 23540160.
2, 3, 5, 7, 31, 113
List the prime factors of 15348052.
2, 3837013
List the prime factors of 339693.
3, 199, 569
What are the prime factors of 9037880?
2, 5, 17, 13291
List the prime factors of 34529641.
4397, 7853
What are the prime factors of 510001?
223, 2287
What are the prime factors of 1144669?
37, 30937
What are the prime factors of 2772059?
53, 193, 271
List the prime factors of 790854.
2, 3, 89, 1481
List the prime factors of 107051.
7, 41, 373
List the prime factors of 15344234.
2, 17, 451301
What are the prime factors of 73381?
7, 11, 953
List the prime factors of 1971673.
11, 179243
List the prime factors of 268518.
2, 3, 44753
What are the prime factors of 1791781?
47, 67, 569
List the prime factors of 3965073.
3, 7, 43, 4391
List the prime factors of 232008.
2, 3, 7, 1381
List the prime factors of 374014.
2, 43, 4349
List the prime factors of 210320.
2, 5, 11, 239
What are the prime factors of 219723?
3, 7, 10463
What are the prime factors of 292753?
292753
List the prime factors of 461601.
3, 7, 17, 431
What are the prime factors of 19740158?
2, 2897, 3407
List the prime factors of 134488.
2, 16811
List the prime factors of 864746.
2, 432373
List the prime factors of 1328275.
5, 13, 61, 67
What are the prime factors of 14138693?
14138693
What are the prime factors of 12135819?
3, 4045273
List the prime factors of 146639.
146639
What are the prime factors of 1397904?
2, 3, 29123
List the prime factors of 2870505.
3, 5, 11, 1933
List the prime factors of 957750.
2, 3, 5, 1277
List the prime factors of 289957.
289957
List the prime factors of 2705086.
2, 1352543
List the prime factors of 721561.
721561
What are the prime factors of 4549017?
3, 11, 137849
What are the prime factors of 62130?
2, 3, 5, 19, 109
List the prime factors of 1340342.
2, 167, 4013
What are the prime factors of 971794?
2, 647, 751
What are the prime factors of 779249?
779249
List the prime factors of 7862359.
7862359
What are the prime factors of 1438428?
2, 3, 119869
What are the prime factors of 402207?
3, 13, 10313
List the prime factors of 463677.
3, 127, 1217
List the prime factors of 2308268.
2, 577067
List the prime factors of 843304.
2, 7, 11, 37
List the prime factors of 724074.
2, 3, 13, 9283
List the prime factors of 1329384.
2, 3, 7, 41, 193
What are the prime factors of 4227313?
4227313
List the prime factors of 93164.
2, 23291
List the prime factors of 292514.
2, 23, 6359
List the prime factors of 454371.
3, 311, 487
List the prime factors of 373490.
2, 5, 13, 17
List the prime factors of 69792.
2, 3, 727
What are the prime factors of 542272?
2, 37, 229
What are the prime factors of 146285?
5, 17, 1721
What are the prime factors of 27408474?
2, 3, 1522693
List the prime factors of 2696416.
2, 84263
What are the prime factors of 1931368?
2, 241421
What are the prime factors of 1777024?
2, 13883
List the prime factors of 24903339.
3, 109, 76157
List the prime factors of 235098.
2, 3, 37, 353
List the prime factors of 892239.
3, 23, 67, 193
What are the prime factors of 5797670?
2, 5, 53, 10939
List the prime factors of 28953308.
2, 191, 37897
What are the prime factors of 578546?
2, 289273
What are the prime factors of 3788122?
2, 13, 53, 2749
What are the prime factors of 1494680?
2, 5, 11, 43, 79
What are the prime factors of 291598?
2, 145799
List the prime factors of 28960396.
2, 1531, 4729
List the prime factors of 2207660.
2, 5, 7, 13, 1213
What are the prime factors of 479758?
2, 239879
What are the prime factors of 4618016?
2, 13, 17, 653
List the prime factors of 4772445.
3, 5, 37, 8599
List the prime factors of 295721.
113, 2617
List the prime factors of 73725.
3, 5, 983
List the prime factors of 4077302.
2, 23, 151, 587
What are the prime factors of 2900?
2, 5, 29
What are the prime factors of 55600?
2, 5, 139
List the prime factors of 5034295.
5, 7, 17, 8461
List the prime factors of 988478.
2, 509, 971
List the prime factors of 5481560.
2, 5, 7, 19577
List the prime factors of 6280287.
3, 13, 161033
List the prime factors of 27107171.
7, 13, 297881
List the prime factors of 3682727.
17, 12743
List the prime factors of 437761.
97, 4513
What are the prime factors of 634121?
43, 14747
List the prime factors of 2726673.
3, 23, 43, 919
What are the prime factors of 781053?
3, 7, 13, 2861
List the prime factors of 6970752.
2, 3, 2017
List the prime factors of 9254427.
3, 7, 13, 109, 311
What are the prime factors of 50659?
7, 7237
What are the prime factors of 173431?
173431
What are the prime factors of 3284533?
7, 469219
List the prime factors of 10831066.
2, 5415533
What are the prime factors of 206587?
19, 83, 131
List the prime factors of 5139841.
7, 734263
List the prime factors of 22419583.
17, 53, 149, 167
List the prime factors of 258868.
2, 64717
What are the prime factors of 125992?
2, 15749
What are the prime factors of 2888722?
2, 19, 4001
What are the prime factors of 12303475?
5, 181, 2719
List the prime factors of 202806.
2, 3, 19, 593
List the prime factors of 471058.
2, 7, 33647
What are the prime factors of 3777163?
13, 29, 43, 233
List the prime factors of 2429662.
2, 941, 1291
What are the prime factors of 228113?
228113
List the prime factors of 1135972.
2, 19, 14947
What are the prime factors of 8012136?
2, 3, 11, 31, 89
What are the prime factors of 5818804?
2, 1454701
List the prime factors of 511617.
3, 170539
What are the prime factors of 5799600?
2, 3, 5, 179
List the prime factors of 2838187.
11, 67, 3851
List the prime f